r when 33 is divided by (-51)/3*(d + 1).
16
Suppose 2*j - 123 = j. Suppose -40 = -2*c - 18*v - 106, 0 = 4*c - 4*v - 108. Calculate the remainder when j is divided by c.
18
Let x(r) = -46*r**3 + 21*r**2 + 25*r + 2. What is the remainder when x(-1) is divided by 22?
0
Let d = 99 - 56. Let v be (-565)/(-339) - ((-18616)/6)/(-4). Let n = v - -986. Calculate the remainder when n is divided by d.
40
Let h(n) = -2*n**2 - 10*n. Let r be h(-5). Let k(p) = p**2 + p + 192. What is the remainder when k(r) is divided by 40?
32
Let k(j) = -j**2 + 10*j - 5. Suppose 2*i + 8 = -4. Let c(s) = -22*s - 59. What is the remainder when c(i) is divided by k(4)?
16
Let i(b) = -b - 21. Let m be i(-6). Let q(s) = -2*s - 5. Let j be q(m). Let w = j - 3. What is the remainder when 87 is divided by w?
21
Let v(n) = -6*n**3 - 90*n**2 - 7*n - 54. What is the remainder when 894 is divided by v(-15)?
27
Suppose 23*a = -337468 + 358306. What is the remainder when a is divided by 4?
2
Suppose 0 = -2*f - 4*a + 78, -1200*f + a - 102 = -1202*f. What is the remainder when f is divided by 24?
7
Suppose 0 = m - n + 11, -m + 4 - 13 = -3*n. Let c be ((-80)/m - 1)*24. Let b = -123 + c. Calculate the remainder when 64 is divided by b.
12
Suppose -4*i - 4 = -2*u + 6, 46 = 4*u + 5*i. Suppose u*w = 643 + 338. Calculate the remainder when w is divided by 6.
1
Let r = 38176 + -38125. What is the remainder when r is divided by -2 - 1/(2/(-60))?
23
What is the remainder when (-49)/(-490) - (-3889)/10 is divided by 154?
81
Suppose 0 = 9*v + 12 - 84. Suppose v*h - 6*h = -2. Calculate the remainder when 74 - (3 + h - -1) is divided by 15.
11
Let f(o) = -7*o**2 - 147*o - 47. Calculate the remainder when f(-20) is divided by 52.
41
Let t(u) = -5 - 6 - 18*u + 25. What is the remainder when 42 is divided by t(0)?
0
Let s(x) = 50*x + 595. What is the remainder when s(-9) is divided by 55?
35
Let z be (-6)/(-18) - (-10)/6. Suppose 2*n - n - 19 = -y, z*n = 5*y + 73. Calculate the remainder when 597 is divided by n.
21
Suppose -4*o - m = 0, -2*m + 5*m + 12 = 0. What is the remainder when 304 is divided by (60 + o)*(3 - (2 + 0))?
60
Let r = -160 + 65. Let i(a) = 6*a - 33. Let o be i(24). Let b = r + o. What is the remainder when 42 is divided by b?
10
Let a be (3/6)/((-8)/(-224)). Let o(t) = 14*t - 22 + a - t**2 + 4 + 17. What is the remainder when o(12) is divided by 4?
1
Suppose -12 = -4*n, -8*t + 11*t - 4*n - 219 = 0. Calculate the remainder when 164 is divided by t.
10
Let d = 392 + -114. Let k = 68 - 48. Calculate the remainder when d is divided by k.
18
Suppose -9*w + 3*w + 30 = 0. Suppose 5*m + w*l = 3*m + 43, 3*m - 52 = -5*l. What is the remainder when 4 is divided by m*3/9 - 0?
1
Let g = 523 - 733. Let r = g + 237. Let n = 3 - -102. Calculate the remainder when n is divided by r.
24
Suppose -3*v + 619 = -2*k, -22*v - k + 807 = -18*v. Calculate the remainder when 813 is divided by v.
1
Let x = 120 - 125. Let w be 6/(-120)*x - 1094/(-8). What is the remainder when 36/6*(-2)/(-6) + w is divided by 35?
34
Let n(x) = 137*x**3 + 2*x**2 - 6*x + 5. Calculate the remainder when 817 is divided by n(1).
127
Suppose -3*z = -5*w + 2, 3*w + 2*z = -w - 16. Let l(q) = 106*q + 9. Let a be l(w). Let r = -105 - a. What is the remainder when r is divided by 20?
18
Let r(c) = -c**3 - 21*c**2 - 56*c + 1261. Calculate the remainder when r(-19) is divided by 39.
4
Suppose -30*q - 135 = -35*q - n, -2*q = -3*n - 71. What is the remainder when 2152 is divided by q?
24
Let r = 9 - 6. Suppose -r*u - 6 = -84. Suppose v - 431 = -6*k, 12*v - 13*v - 226 = -3*k. Calculate the remainder when k is divided by u.
21
What is the remainder when 945 is divided by 15/90 + (-16665)/(-18)?
19
Let y = 631 - 888. Let x = y + 299. Calculate the remainder when x is divided by 11.
9
Suppose -93*g + 5*j + 70 = -92*g, -2*g + 164 = 2*j. What is the remainder when 955 is divided by g?
75
Suppose -22401 = -15*t - 45*t - 9261. Calculate the remainder when t is divided by 67.
18
Let g = -2272 + 2420. Calculate the remainder when 425 is divided by g.
129
Suppose 4*j - 2 = -c, 2*j + 8 = 4*c - 2*j. Suppose c*m = -28 + 58. Suppose 13*r = m*r - 60. Calculate the remainder when r is divided by 13.
4
Let t = -359 - -583. Let j = -205 + t. Calculate the remainder when 104 is divided by j.
9
Suppose -3660*a + 3635*a + 6300 = 0. What is the remainder when a is divided by 122?
8
Let t(l) = -72*l - 2050. Let m(n) = -n**3 + 4*n**2 + 3*n + 4. What is the remainder when t(-29) is divided by m(4)?
6
Let u(l) = 7*l**2 + 68*l + 273. Calculate the remainder when 334 is divided by u(-4).
108
Let s be ((-44)/(-33))/(3/27). Suppose -4 = s*h - 13*h. Let d(m) = 12*m - 30. Calculate the remainder when 46 is divided by d(h).
10
Suppose 4*o + 50 = -5*j + 9*o, 4*j - 2*o + 32 = 0. Let m(v) = 8*v + 107. What is the remainder when 293 is divided by m(j)?
57
Suppose 234*m - 137*m - 3259 = 5568. Calculate the remainder when 891 is divided by m.
72
Suppose t = 3*g - 25, -3*t - 16 = -5*g + 23. Let k = -229 - -259. Calculate the remainder when k is divided by g.
3
Suppose 5*z = -50*z + 2145. What is the remainder when 255 is divided by z?
21
Let w = -10604 - -10661. Calculate the remainder when 1092 is divided by w.
9
Let l = -103 - -194. Suppose 2*t - 9*t = -l. Suppose -2*n + 25 + t = 3*d, 2*d - n = 37. What is the remainder when 77 is divided by d?
13
Let v(t) = 5*t - 134. Let n be v(25). Suppose 5*g = 120 - 25. Calculate the remainder when 74/(((-1)/2)/(n/18)) is divided by g.
17
Suppose -178 = -4*g - 3*y, 4*g - y = 4*y + 162. Let p(i) = -418*i - 21307. What is the remainder when g is divided by p(-51)?
10
Suppose -5*q - 5*t + 60 = 0, 5*q - 33 = 2*t + 2*t. Let x = 35 + -32. Calculate the remainder when q is divided by x.
0
Suppose 0*j + 10*j = -40. Let k(g) = -2*g**3 - 7*g**2 - 4*g + 7. What is the remainder when k(j) is divided by 20?
19
Let o(c) = c**3 + 15*c**2 + 4*c - 9. Suppose 0 = -k - 3*a - 17, 2*k + 11*a - 12*a + 27 = 0. What is the remainder when o(k) is divided by 40?
11
Suppose -123*g = -16*g - 2465 - 5132. Calculate the remainder when g is divided by 48.
23
Let a = -695 + 739. Suppose -3*i = i - 20. Suppose -5*p + 82 = i*z + 7, 4*z = 3*p + 39. What is the remainder when a is divided by z?
8
Let p = -121 + -501. Let h = p - -640. What is the remainder when -7*2*5/(-2) is divided by h?
17
Let f be (1392/15)/((-4)/(-10)). Suppose 240 = 2*v - 5*w - 218, -v + w = -f. What is the remainder when v is divided by 60?
54
Suppose -5*k = v - 30, -v + 5 = 3*k - 3*v. Let n be 0/(k/5) - -70. Suppose 0 = -13*z + 12*z + n. What is the remainder when z is divided by 9?
7
Calculate the remainder when 1822 is divided by (5/((-55)/2))/(62/(-4774)).
2
Let a be -4 - (1 - -41)*-1. Suppose -a*u - 137 = -39*u. Calculate the remainder when u is divided by 20.
17
Let s = 995 + -982. Let h be 60/28 + (-3)/21. Suppose 0 = -5*w + 5*z + 165, h*w - w - 48 = -4*z. What is the remainder when w is divided by s?
10
Suppose x - 5*h = 176, -5*h - 308 = -4*x + 351. Suppose -5*a = -x - 474. Let g = 236 - a. What is the remainder when g is divided by 28?
25
Let n(f) = 4*f**2 + 4*f + 2. Let w = -56641 - -56786. Calculate the remainder when w is divided by n(-4).
45
Let g(q) = q**3 + 79*q**2 + 73*q + 116. What is the remainder when g(-78) is divided by 62?
10
Let p = -21363 + 21371. Let h = -63 + 91. Let o = h - p. What is the remainder when o is divided by 9?
2
Let b = 14 + -93. Let r = -79 - b. Suppose -645 = 3*u - 7*u + 3*o, -u + 5*o + 140 = r. What is the remainder when u is divided by 14?
11
Let b = 607 + -610. Calculate the remainder when 47 is divided by b - -30*-8*3/(-36).
13
Suppose 5*s = -i + 29, -3*i - 19 = 5*s - 76. Let h = -5 - -3. Calculate the remainder when i is divided by h - 1*6*-2.
4
Suppose -14*y = 42*y - 20*y - 36252. Calculate the remainder when 3022 is divided by y.
1
Suppose 1192 = -95*b + 6037. What is the remainder when (-8)/(-1*2/76) is divided by b?
49
Suppose 0 = -4*n - 8, -5*n = -4*c - 6*n + 4850. What is the remainder when c is divided by 202?
1
Let d(v) = -v**3 - 6*v**2 - 5*v + 3. Let g = -6 - -1. Suppose 3001*z - 44 = 2997*z. What is the remainder when z is divided by d(g)?
2
Suppose -4*n = 4*f - 756, 30106*n - 30110*n = -4*f + 820. Let y = -5 - -25. Calculate the remainder when 